the greatest common factor of 8964654 and 762?
6
What is the highest common factor of 941535336 and 147?
21
Calculate the highest common factor of 16954340 and 57889.
793
Calculate the highest common divisor of 522 and 3800247.
87
Calculate the greatest common divisor of 528 and 37956996.
132
What is the highest common factor of 527136 and 278596?
1156
Calculate the highest common divisor of 333 and 40928364.
333
Calculate the highest common divisor of 720664 and 10353.
119
Calculate the highest common factor of 233 and 17467078.
233
Calculate the highest common divisor of 4246506 and 243.
81
Calculate the highest common factor of 391878 and 3403.
41
Calculate the highest common divisor of 726413701 and 13.
13
Calculate the greatest common factor of 1968 and 254928.
48
What is the greatest common divisor of 34085 and 115600?
85
What is the highest common factor of 31060328 and 4040?
808
Calculate the greatest common divisor of 752 and 1926640.
16
Calculate the greatest common divisor of 4599 and 4810554.
4599
What is the highest common divisor of 11946364 and 2204?
76
What is the highest common factor of 21585500 and 235750?
5750
Calculate the greatest common factor of 5300 and 80242.
106
Calculate the highest common divisor of 11594341 and 341.
341
Calculate the highest common divisor of 45046 and 25250.
202
Calculate the highest common divisor of 269012936 and 24348.
8116
Calculate the highest common divisor of 3336947 and 136.
17
What is the highest common factor of 902724 and 2?
2
Calculate the greatest common divisor of 290445 and 1598955.
1005
What is the highest common divisor of 881932 and 789214?
202
What is the highest common divisor of 5925 and 12668361?
237
Calculate the greatest common factor of 46111 and 22997.
13
What is the highest common divisor of 7989161 and 47038?
811
What is the greatest common divisor of 185189888 and 19968?
6656
What is the highest common factor of 17408 and 8096?
32
Calculate the highest common divisor of 688 and 11252068.
172
Calculate the greatest common divisor of 3304839 and 3.
3
What is the greatest common divisor of 30848 and 2379634?
482
Calculate the greatest common factor of 442 and 56412902.
442
What is the greatest common divisor of 22860 and 2262632?
508
Calculate the highest common divisor of 333 and 126996173.
37
What is the greatest common divisor of 39661292 and 1012?
1012
Calculate the greatest common divisor of 14097 and 3329940.
381
What is the greatest common factor of 18 and 1022936?
2
Calculate the highest common divisor of 66066 and 88059972.
6006
What is the greatest common factor of 1397892 and 1074?
6
Calculate the greatest common factor of 488413 and 590522.
503
Calculate the highest common divisor of 69235105 and 5.
5
What is the greatest common divisor of 1807 and 9286745?
13
Calculate the highest common divisor of 203 and 4908308.
29
Calculate the highest common factor of 1390 and 5894295.
695
Calculate the highest common factor of 903 and 3362471.
301
What is the greatest common divisor of 14601 and 73973533?
4867
What is the greatest common divisor of 13 and 21273291?
13
Calculate the highest common divisor of 2174991 and 12558.
273
Calculate the greatest common factor of 5508 and 3124818.
162
What is the greatest common factor of 185430 and 126960?
30
Calculate the greatest common factor of 63971 and 496981.
53
Calculate the greatest common factor of 88238912 and 96.
32
What is the greatest common factor of 15823584 and 64512?
2016
What is the greatest common divisor of 17145 and 1653795?
45
What is the highest common factor of 74173 and 26002847?
613
Calculate the highest common divisor of 64 and 337416.
8
Calculate the greatest common divisor of 112 and 62622752.
16
What is the highest common divisor of 9459 and 3471?
3
What is the highest common factor of 37 and 17147539?
37
Calculate the greatest common factor of 4044395 and 1996.
499
Calculate the highest common divisor of 17771 and 192943848.
1367
What is the greatest common divisor of 6527853 and 63?
9
What is the highest common divisor of 1660 and 204428170?
830
What is the highest common divisor of 128158629 and 26847?
8949
Calculate the greatest common factor of 1085 and 88003885.
155
What is the greatest common factor of 32897550 and 1019082?
9894
What is the greatest common factor of 1299927130 and 1555?
1555
What is the highest common divisor of 40092176 and 5952?
496
What is the highest common factor of 33480 and 344472?
744
What is the highest common divisor of 102522 and 2898?
42
Calculate the greatest common factor of 12342954 and 3562.
26
Calculate the highest common divisor of 2436996 and 370904.
2612
Calculate the highest common factor of 2141409 and 209373.
2073
Calculate the greatest common factor of 16358250 and 816.
102
Calculate the highest common divisor of 9810770 and 1630.
10
What is the greatest common factor of 5345127 and 3546?
9
What is the highest common divisor of 24296490 and 21935?
535
What is the highest common factor of 30878177 and 869?
869
Calculate the greatest common factor of 1831160 and 440.
40
What is the greatest common divisor of 255517626 and 2093?
2093
Calculate the greatest common divisor of 7671125 and 220.
55
What is the highest common divisor of 319302 and 22922?
146
What is the highest common divisor of 186 and 279815114?
62
Calculate the greatest common factor of 70056 and 12628845.
1251
Calculate the highest common factor of 1506461 and 55.
11
Calculate the highest common divisor of 1071 and 14302491.
357
Calculate the greatest common factor of 964060 and 5510.
190
What is the highest common factor of 968354 and 722?
38
Calculate the greatest common factor of 776790 and 20250.
810
What is the highest common factor of 5782340 and 620?
20
What is the highest common divisor of 88848 and 1596?
12
Calculate the highest common divisor of 28156380 and 25905.
2355
Calculate the highest common factor of 125 and 71736975.
25
What is the highest common divisor of 260876 and 46942?
98
What is the greatest common factor of 29978722 and 4052?
2026
What is the greatest common divisor of 5943392 and 515788?
4732
Calculate the highest common factor of 160 and 741423520.
160
What is the highest common divisor of 129 and 18746439?
3
Calculate the highest common divisor of 515 and 16621213.
103
What is the highest common divisor of 684 and 580578?
6
What is the highest common divisor of 10548 and 379430019?
2637
Calculate the greatest common divisor of 48 and 1829572496.
16
What is the greatest common factor of 59793 and 4484?
19
What is the greatest common factor of 48 and 3622548?
12
What is the greatest common factor of 56 and 825307?
7
What is the greatest common factor of 94347 and 301521?
33
Calculate the greatest common factor of 6012582 and 3993498.
8934
What is the highest common divisor of 5818885 and 230?
115
Calculate the highest common factor of 331 and 27420702.
331
What is the greatest common divisor of 1299 and 53094460?
433
Calculate the highest common divisor of 527400 and 277560.
360
Calculate the highest common factor of 359290 and 786961.
1159
Calculate the highest common divisor of 547085 and 234146.
319
Calculate the highest common divisor of 64791 and 513633.
939
What is the highest common divisor of 62734 and 1302?
14
Calculate the greatest common divisor of 44640 and 142740.
180
Calculate the greatest common factor of 336 and 102495232.
112
Calculate the highest common divisor of 32583474 and 44.
22
Calculate the greatest common divisor of 136 and 2537947.
17
What is the greatest common factor of 56887912 and 224?
8
Calculate the highest common divisor of 2015892 and 1908.
36
What is the greatest common factor of 336 and 66464706?
42
What is the highest common factor of 2772 and 1428984?
36
Calculate the highest common divisor of 639 and 42780411.
639
Calculate the greatest common divisor of 6735 and 464235.
15
What is the greatest common factor of 72 and 2753766?
18
What is the highest common divisor of 51892230 and 494?
494
What is the greatest common divisor of 6242 and 17848?
2
What is the highest common divisor of 223853620 and 17?
17
Calculate the highest common factor of 7336 and 230167.
917
Calculate the greatest common factor of 318779702 and 134